Suppose a - 6 + r = 4*p, 3*p - 6 = -3*a. What are the prime factors of p?
3
Let s be (3/(-6) + 0)*-2. Suppose 5*n = -s + 6. What are the prime factors of ((-1)/(2/(-16)))/n?
2
List the prime factors of (-7 - -4)*(-256)/12.
2
Let l(n) = 2*n**2 + 4*n - 1. Let r be l(-3). Suppose 3*b - 4*g + 0*g - 44 = 0, 0 = r*b + 5*g - 85. What are the prime factors of b?
2
Suppose -4*l - 4 = 5*i, 2*i - 1 = -3*l - 4. Suppose i = -2*u + 8*u - 72. List the prime factors of u.
2, 3
Suppose -144 = -2*h + 4*c, 3*h - 5*c = -2*c + 204. What are the prime factors of h?
2
Let w = -20 + 4. What are the prime factors of (-590)/w + (-1)/(-8)?
37
Suppose 4*w + 16 = 0, -w = -4*m - 0*m + 16. What are the prime factors of m?
3
What are the prime factors of (0 - -1)*(2 - -95)?
97
Let f(u) = u**3 + 11*u**2 + 5*u - 12. Let t be f(-10). Let z = 36 - 11. Let b = t - z. What are the prime factors of b?
13
Let d be (7/4)/(3/12). Let z(v) = -v + 6. Let s be z(d). List the prime factors of 2 + (s + 1)/1.
2
Suppose 3*v + 6*x - 146 = 4*x, -202 = -4*v + x. What are the prime factors of v?
2, 5
List the prime factors of 200/(-2)*10/(-20).
2, 5
Let m(k) = -3*k + 6. What are the prime factors of m(-9)?
3, 11
Let c = 4 + -22. Let s = c - -29. List the prime factors of s.
11
Let j be (-2 - (2 + -2)) + 39. Suppose b + 2*b - z - 38 = 0, 0 = 2*b - 3*z - j. List the prime factors of b.
11
Let x = 3 + -3. Let b be ((0 - x)/(-1))/(-2). Suppose -55 = -b*u - 5*u. What are the prime factors of u?
11
Let p = 10 - 6. Let j be (-1 + 0)/(p/(-260)). Suppose -r = 4*r - j. What are the prime factors of r?
13
Let l(h) = h**3 - 4*h**2 + h. Let r(n) = 2*n**2 - n + 1. Let k be r(1). Let y be l(k). List the prime factors of 3*(-2)/y*8.
2
Let w be (-30)/(-4)*(-8 + 6). What are the prime factors of (2/(-4))/(w/150)?
5
Suppose 0 = -0*r - r + 51. Suppose -5*h = -r - 154. Suppose 5*c + m = h, -c - 2*m + 18 = c. What are the prime factors of c?
2
Suppose 5*s = 7*w - 10*w + 623, 2*w - 394 = 2*s. What are the prime factors of w?
3, 67
Suppose s - 6*s = 4*n - 29, 23 = 3*n + 5*s. What are the prime factors of n?
2, 3
Suppose 3*y + 0*y = 15. Let p be 12/(-30) - (-32)/y. Suppose 0 = 3*x - p - 0. What are the prime factors of x?
2
Let v be ((-3)/2)/((-3)/104). Suppose -2*x - v = -6*x. List the prime factors of x.
13
Suppose 0 = -h + 3. Suppose h*r = 29 + 91. List the prime factors of r.
2, 5
Let y(r) = -6*r + 9. What are the prime factors of y(-7)?
3, 17
Let l(s) = s**2 + 2*s - 4. Let t be l(-8). Suppose -3*p + t = -p. What are the prime factors of p?
2, 11
What are the prime factors of 14 - 2/(6/(-9))?
17
Let f(d) = -d**3 + 2*d**2 - 1. Let z be f(-1). Suppose z - 8 = 2*u. Let l(o) = -o + 2. What are the prime factors of l(u)?
5
Let o be -1*0/(-2)*-1. Let c = o - 1. What are the prime factors of 22/c*(-3)/6?
11
Let b(d) = -2*d - 11. What are the prime factors of b(-9)?
7
Suppose 60 = 52*d - 51*d. List the prime factors of d.
2, 3, 5
Let a(l) = -l**2 - 1 + l**3 - 4*l**2 + 0*l**2 + l + 4*l**2. What are the prime factors of a(2)?
5
List the prime factors of (365 + 1)*2/4.
3, 61
Suppose 4*k + 5*i = 3*i + 236, 0 = -5*k - 3*i + 293. List the prime factors of k.
61
Let y(p) = 116*p - 2. List the prime factors of y(2).
2, 5, 23
Suppose u - 1 = 18. What are the prime factors of u?
19
Suppose 4 = -4*n + 16. Suppose 2*y = -n*w + y + 124, 5*y + 20 = w. What are the prime factors of w?
2, 5
Let f(y) = -y**3 + 11*y**2 + 4*y + 16. List the prime factors of f(11).
2, 3, 5
Suppose 0*y + 17*y - 2006 = 0. What are the prime factors of y?
2, 59
Let g(a) = -a**3 - 3*a**2 - 7*a - 3. Let x(w) = -2*w**3 - 4*w**2 - 8*w - 2. Let q(b) = -3*g(b) + 2*x(b). List the prime factors of q(-2).
7
Let p(o) = -3*o - 3. List the prime factors of p(-6).
3, 5
Let h be 3/(-12) - 746/(-8). Let o = h + -51. What are the prime factors of o?
2, 3, 7
Let i be 9/(-1 - (-1 - -1)). Let s = i - -12. List the prime factors of s.
3
Let q(h) = h**2 - 17*h + 43. List the prime factors of q(19).
3
Let l = -2 - -6. Suppose l*s + 8 = 76. What are the prime factors of s?
17
Suppose 0 = 3*l - 5*o - 95, 4*o - 124 = -4*l + 56. List the prime factors of l.
2, 5
Suppose -20 = 2*q + 5*u, 0*q - 5*u = -2*q + 20. Suppose -4*c + 44 = -q*c. What are the prime factors of c?
11
Suppose 3*o + 44 = -o. Let l(w) be the third derivative of w**5/60 + 11*w**4/24 + w**3/2 + 2*w**2. What are the prime factors of l(o)?
3
Suppose -20 = -7*g + 2*g. Suppose -94 = -g*d + 3*k, -2*k - k - 19 = -d. Let p = d - 13. What are the prime factors of p?
2, 3
Let x = 106 + -33. List the prime factors of x.
73
Suppose -12 = -3*y - y. Suppose -4*r + 7 = 2*g - 3*r, 3*r = 3*g + y. Suppose -g = -4*o + 34. What are the prime factors of o?
3
Suppose -4*r + 20 = -4*x, -2*x - x = -5*r + 19. Let z be 0 - 0/(2 - -1). Suppose -j + 1 = z, 4*d - 3*j - 39 = r*j. What are the prime factors of d?
11
Suppose 3*v + 4*p = 6, 4*v - 3*p + 2 = 10. List the prime factors of 15/v + (-6)/(-12).
2
Let t(f) = -f**3 - 4*f**2 + 6*f + 5. Let s be t(-5). Let u = s + 11. What are the prime factors of u?
11
Let h = 14 + 13. List the prime factors of h.
3
List the prime factors of 164/3 - (-14)/42.
5, 11
Let v = -10 + 10. Suppose v = 2*p - 1 - 5. What are the prime factors of p?
3
Suppose -5*q + 0*q = -10. Suppose 3*r + 4*l = 23, 3*l + 12 = q*r - r. Suppose -4*f = -29 + r. List the prime factors of f.
5
Suppose 2*n + 3*n + 10 = 0. Let r be (10/6)/(n/(-54)). Suppose -3*o = -r + 6. List the prime factors of o.
13
Let s(o) = -40*o. Let n be s(-1). Suppose 0*d + 4*d = n. List the prime factors of d.
2, 5
List the prime factors of -2*(11 - 1)/(-5).
2
Let t be 3 - (-28 + -1)*1. Let m = t - 15. List the prime factors of m.
17
Suppose -3*j = -2*q + 46, -4*j = q - 4 - 19. What are the prime factors of q?
23
Let t = -31 + 51. Let s = t - -17. What are the prime factors of s?
37
Suppose 4*c + 21 = 5, 0 = -4*z + 2*c + 996. What are the prime factors of z?
13, 19
Let k(r) be the third derivative of -r**6/30 + r**5/30 - 2*r**3/3 + r**2. Let l be k(3). What are the prime factors of (-2)/5 - l/10?
3
Suppose -x + 0*u + 4 = -3*u, -4*u - 5 = -x. What are the prime factors of 9/(-6)*-22*x?
3, 11
Suppose -20 = 4*p, o = 3*o - p - 9. Suppose 5*u + o + 3 = 0. What are the prime factors of -2*u*(-1 - -2)?
2
Suppose -2*t + 38 = -5*u - 28, 4*t + 2*u - 156 = 0. List the prime factors of t.
2, 19
What are the prime factors of (4/(-6))/(3/(-126))?
2, 7
Let x(s) = s**2 + 5*s + 5. List the prime factors of x(-8).
29
Suppose 0*h = -h + 3. Suppose h*v = 4*t - 0*v - 24, 5*t + 5*v - 30 = 0. Suppose t*f - 3*f = 6. List the prime factors of f.
2
Let r be (-6)/(-9)*(-3)/(-1). Suppose 3*n - 60 = o - 4*o, -n - r*o + 24 = 0. What are the prime factors of n?
2
Let h be 14/(-3)*(-4 - -1). Let g = -10 + h. What are the prime factors of g?
2
Suppose -27*m + 24*m = -396. What are the prime factors of m?
2, 3, 11
Suppose 0 = 3*w - 5*n - 20, 2*n + 6 = -3*w + 4*w. What are the prime factors of w?
2, 5
Let i(v) = -35*v - 1. What are the prime factors of i(-1)?
2, 17
Suppose 0 = -15*y + 2535 + 720. List the prime factors of y.
7, 31
Suppose 4*r = 3*k + 112, 3*k + k + 5*r + 201 = 0. Let w = k - -85. Suppose 5*j = 14 + w. List the prime factors of j.
11
What are the prime factors of 2/(4/6) - -35?
2, 19
What are the prime factors of (6 - 44)/(-1) + (-3)/(-1)?
41
Let s(m) = m**3 - 11*m**2 + 10*m + 7. Let q be s(10). Let j(z) = z**3 - 8*z**2 + 7*z + 6. List the prime factors of j(q).
2, 3
Let m = 3 - -27. Let u be (16/(-20))/((-4)/m). List the prime factors of (4/u)/((-10)/(-165)).
11
Suppose 2*t + 10 = -0*t, h + 5*t + 8 = 0. What are the prime factors of h?
17
Let z(r) = -r. Let y = 3 + -2. Let k(u) = -5*u + 2. Let w(l) = y*k(l) - 2*z(l). List the prime factors of w(-2).
2
What are the prime factors of 1 + 4/(12/9) + 115?
7, 17
Let p = 28 - -207. What are the prime factors of p?
5, 47
Let x = -15 + 33. List the prime factors of x.
2, 3
Let f = -7 - -12. Suppose 0*g + f*g = 95. What are the prime factors of g?
19
Let n(c) be the first derivative of c**4/4 - 2*c**3 + 3*c**2/2 + 6*c + 6. List the prime factors of n(6).
2, 3
What are the prime factors of (3 + 22/(-6))*-3*3?
2, 3
Suppose 0 = 4*y - y - 36. Let j = y + -3. What are the prime factors of j?
3
Let b be 61 + 1 + -3 + -3. Suppose -9*l + 7*l + b = 0